{"id":754,"date":"2019-12-09T16:49:56","date_gmt":"2019-12-09T15:49:56","guid":{"rendered":"https:\/\/breizhwinners.com\/?page_id=754"},"modified":"2020-02-18T09:00:07","modified_gmt":"2020-02-18T08:00:07","slug":"les-activites","status":"publish","type":"page","link":"https:\/\/breizhwinners.com\/index.php\/les-activites\/","title":{"rendered":"Les activit\u00e9s"},"content":{"rendered":"<p>[et_pb_section bb_built=&#8221;1&#8243; admin_label=&#8221;Hero&#8221; _builder_version=&#8221;3.11&#8243; background_color_gradient_start=&#8221;rgba(255,255,255,0.5)&#8221; background_color_gradient_end=&#8221;rgba(0,0,0,0)&#8221; background_color_gradient_overlays_image=&#8221;on&#8221; background_image=&#8221;https:\/\/breizhwinners.com\/wp-content\/uploads\/2018\/04\/Bandeau-Fond.png&#8221; custom_margin=&#8221;|||&#8221; custom_padding=&#8221;180px||0px|&#8221; bottom_divider_style=&#8221;slant&#8221; bottom_divider_color=&#8221;#ffffff&#8221; bottom_divider_flip=&#8221;horizontal&#8221; animation_style=&#8221;slide&#8221; animation_direction=&#8221;top&#8221; animation_intensity_slide=&#8221;5%&#8221; animation_starting_opacity=&#8221;100%&#8221; next_background_color=&#8221;#ffffff&#8221;][et_pb_row custom_padding=&#8221;27px|0px|0px|0px&#8221; _builder_version=&#8221;3.11&#8243; background_size=&#8221;initial&#8221; background_position=&#8221;top_left&#8221; background_repeat=&#8221;repeat&#8221; use_background_color_gradient=&#8221;on&#8221; background_color_gradient_start=&#8221;#f4f4f4&#8243; background_color_gradient_end=&#8221;#ffffff&#8221;][et_pb_column type=&#8221;4_4&#8243;][et_pb_text admin_label=&#8221;Title&#8221; _builder_version=&#8221;3.11&#8243; header_font=&#8221;Montserrat|600|||||||&#8221; header_font_size=&#8221;80px&#8221; header_font_size_phone=&#8221;72px&#8221; header_font_size_last_edited=&#8221;on|desktop&#8221; header_line_height=&#8221;1.2em&#8221; animation_style=&#8221;zoom&#8221; animation_direction=&#8221;left&#8221; animation_intensity_zoom=&#8221;10%&#8221; text_text_color=&#8221;#500bc6&#8243; header_text_color=&#8221;#4300d6&#8243;]<\/p>\n<h1>Les activit\u00e9s de Breizh Winners<\/h1>\n<p>[\/et_pb_text][et_pb_text _builder_version=&#8221;3.11&#8243; text_font=&#8221;Montserrat|300|||||||&#8221; text_font_size=&#8221;20px&#8221; text_line_height=&#8221;1.8em&#8221; animation_style=&#8221;zoom&#8221; animation_direction=&#8221;left&#8221; animation_delay=&#8221;100ms&#8221; animation_intensity_zoom=&#8221;10%&#8221; \/][\/et_pb_column][\/et_pb_row][\/et_pb_section][et_pb_section bb_built=&#8221;1&#8243; fullwidth=&#8221;off&#8221; specialty=&#8221;off&#8221; prev_background_color=&#8221;#000000&#8243; next_background_color=&#8221;#000000&#8243;][et_pb_row][et_pb_column type=&#8221;1_3&#8243;][et_pb_text _builder_version=&#8221;3.11&#8243; text_text_color=&#8221;#b7b7b7&#8243; animation_style=&#8221;zoom&#8221;]<\/p>\n<h2 style=\"text-align: center;\">Des activit\u00e9s pour tous les go\u00fbts !<\/h2>\n<p>[\/et_pb_text][et_pb_divider _builder_version=&#8221;3.11&#8243; animation_style=&#8221;zoom&#8221; \/][et_pb_text _builder_version=&#8221;3.11&#8243; animation_style=&#8221;zoom&#8221;]<\/p>\n<h4 style=\"text-align: center;\">Venez (re)d\u00e9couvrir la pratique sportive lors d&#8217;\u00e9v\u00e9nements d&#8217;initiations. La convivialit\u00e9 et le partage sont les ma\u00eetres mots de ces moments sportifs !<\/h4>\n<p>[\/et_pb_text][\/et_pb_column][et_pb_column type=&#8221;2_3&#8243;][et_pb_image _builder_version=&#8221;3.11&#8243; src=&#8221;https:\/\/breizhwinners.com\/wp-content\/uploads\/2019\/12\/IMG_8661.jpg&#8221; \/][\/et_pb_column][\/et_pb_row][\/et_pb_section][et_pb_section bb_built=&#8221;1&#8243; admin_label=&#8221;Resources&#8221; _builder_version=&#8221;3.0.105&#8243; custom_margin=&#8221;|||&#8221; custom_padding=&#8221;|||&#8221; prev_background_color=&#8221;#000000&#8243;][et_pb_row custom_margin=&#8221;50px|||&#8221; _builder_version=&#8221;3.0.105&#8243;][et_pb_column type=&#8221;1_3&#8243;][et_pb_blurb admin_label=&#8221;R\u00e9sum\u00e9 BR&#8221; title=&#8221;Breizh Runners&#8221; font_icon=&#8221;%%243%%&#8221; icon_color=&#8221;#3d8eff&#8221; icon_placement=&#8221;left&#8221; use_icon_font_size=&#8221;on&#8221; _builder_version=&#8221;3.11&#8243; header_font=&#8221;Montserrat|500|||||||&#8221; header_line_height=&#8221;1.8em&#8221; body_font=&#8221;Montserrat|300|||||||&#8221; body_font_size=&#8221;17px&#8221; body_line_height=&#8221;1.8em&#8221; border_color_all_image=&#8221;#&#8221; animation_style=&#8221;fade&#8221; image=&#8221;https:\/\/breizhwinners.com\/wp-content\/uploads\/2018\/04\/iconeBW.png&#8221;]<\/p>\n<p>D\u00e9couvrez la course \u00e0 pied avec lames carbones pour les personnes amput\u00e9es, ainsi que des initiations au \u00abTennis Fauteuil\u00bb et le \u00abHandbike\u00bb \u00e0 Rennes fin Ao\u00fbt.<\/p>\n<p><a href=\"https:\/\/breizhwinners.com\/index.php\/breizh-runners\/\"><strong>Courir !\u00a0<\/strong><\/a><\/p>\n<p>[\/et_pb_blurb][\/et_pb_column][et_pb_column type=&#8221;1_3&#8243;][et_pb_blurb admin_label=&#8221;R\u00e9sum\u00e9 BS&#8221; title=&#8221;Breizh Surfeur&#8221; font_icon=&#8221;%%166%%&#8221; icon_color=&#8221;#3d8eff&#8221; icon_placement=&#8221;left&#8221; _builder_version=&#8221;3.11&#8243; header_font=&#8221;Montserrat|500|||||||&#8221; header_line_height=&#8221;1.8em&#8221; body_font=&#8221;Montserrat|300|||||||&#8221; body_font_size=&#8221;17px&#8221; body_line_height=&#8221;1.8em&#8221; border_color_all_image=&#8221;#&#8221; animation_style=&#8221;fade&#8221; image=&#8221;https:\/\/breizhwinners.com\/wp-content\/uploads\/2018\/04\/iconeBW.png&#8221;]<\/p>\n<p>D\u00e9couvrir la glisse, \u00e7a vous tente ?<br \/>\nVenez partager une journ\u00e9e fin Juin et testez le Surf, le Paddle, le Char \u00e0 voile et la Voile tract\u00e9e dans le Morbihan en compagnie de Vagd&#8217;espoir<\/p>\n<p><a href=\"https:\/\/breizhwinners.com\/index.php\/breizh-surfers\/\"><strong>Glisser !<\/strong><\/a><\/p>\n<p>[\/et_pb_blurb][\/et_pb_column][et_pb_column type=&#8221;1_3&#8243;][et_pb_blurb admin_label=&#8221;R\u00e9sum\u00e9 BScalade&#8221; title=&#8221;Breizh Scalade&#8221; font_icon=&#8221;%%104%%&#8221; icon_color=&#8221;#3d8eff&#8221; icon_placement=&#8221;left&#8221; _builder_version=&#8221;3.11&#8243; header_font=&#8221;Montserrat|500|||||||&#8221; header_line_height=&#8221;1.8em&#8221; body_font=&#8221;Montserrat|300|||||||&#8221; body_font_size=&#8221;17px&#8221; body_line_height=&#8221;1.8em&#8221; border_color_all_image=&#8221;#&#8221; animation_style=&#8221;fade&#8221; image=&#8221;https:\/\/breizhwinners.com\/wp-content\/uploads\/2018\/04\/iconeBW.png&#8221;]<\/p>\n<p>Une belle journ\u00e9e sur le th\u00e8me de l\u2019escalade. On ne vous promet pas l\u2019Everest mais le plaisir de vous essayer \u00e0 l\u2019escalade !<\/p>\n<p><strong><a href=\"https:\/\/breizhwinners.com\/index.php\/breizhscalade\/\">Grimpez !<\/a><\/strong><\/p>\n<p>[\/et_pb_blurb][\/et_pb_column][\/et_pb_row][et_pb_row][et_pb_column type=&#8221;1_4&#8243;][\/et_pb_column][et_pb_column type=&#8221;1_2&#8243;][et_pb_divider _builder_version=&#8221;3.11&#8243; \/][\/et_pb_column][et_pb_column type=&#8221;1_4&#8243;][\/et_pb_column][\/et_pb_row][et_pb_row][et_pb_column type=&#8221;1_3&#8243;][et_pb_blurb admin_label=&#8221;R\u00e9sum\u00e9 BK&#8221; title=&#8221;Breizh Kayak &#8221; font_icon=&#8221;%%243%%&#8221; icon_color=&#8221;#3d8eff&#8221; icon_placement=&#8221;left&#8221; use_icon_font_size=&#8221;on&#8221; _builder_version=&#8221;3.11&#8243; header_font=&#8221;Montserrat|500|||||||&#8221; header_line_height=&#8221;1.8em&#8221; body_font=&#8221;Montserrat|300|||||||&#8221; body_font_size=&#8221;17px&#8221; body_line_height=&#8221;1.8em&#8221; border_color_all_image=&#8221;#&#8221; animation_style=&#8221;fade&#8221; image=&#8221;https:\/\/breizhwinners.com\/wp-content\/uploads\/2018\/04\/iconeBW.png&#8221;]<\/p>\n<p>D\u00e9couvrez ou red\u00e9couvrez la pratique du Kayak en petit groupe<\/p>\n<p><strong><a href=\"https:\/\/breizhwinners.com\/index.php\/sortie-kayak\/\">Pagayer !\u00a0<\/a><\/strong><\/p>\n<p>[\/et_pb_blurb][\/et_pb_column][et_pb_column type=&#8221;1_3&#8243;][et_pb_blurb admin_label=&#8221;R\u00e9sum\u00e9 Journ\u00e9e MultiSport &#8221; title=&#8221;Journ\u00e9e Multisports Caen &#8221; font_icon=&#8221;%%166%%&#8221; icon_color=&#8221;#3d8eff&#8221; icon_placement=&#8221;left&#8221; _builder_version=&#8221;3.11&#8243; header_font=&#8221;Montserrat|500|||||||&#8221; header_line_height=&#8221;1.8em&#8221; body_font=&#8221;Montserrat|300|||||||&#8221; body_font_size=&#8221;17px&#8221; body_line_height=&#8221;1.8em&#8221; border_color_all_image=&#8221;#&#8221; animation_style=&#8221;fade&#8221; image=&#8221;https:\/\/breizhwinners.com\/wp-content\/uploads\/2018\/04\/iconeBW.png&#8221;]<\/p>\n<p>Une journ\u00e9e conviviale autour de diff\u00e9rentes activit\u00e9s sportives comme la course \u00e0 pied, le badminton, le Handfauteuil, le tire laser, le mini-golf etc.<\/p>\n<p><a href=\"https:\/\/breizhwinners.com\/index.php\/journee-multi-sports\/\"><strong>\u00a0D\u00e9couvrir !<\/strong><\/a><\/p>\n<p>[\/et_pb_blurb][\/et_pb_column][et_pb_column type=&#8221;1_3&#8243;][et_pb_blurb admin_label=&#8221;R\u00e9sum\u00e9 Journ\u00e9e MultiSport &#8221; title=&#8221;Stage de %22Sur%22Vie&#8221; font_icon=&#8221;%%166%%&#8221; icon_color=&#8221;#3d8eff&#8221; icon_placement=&#8221;left&#8221; _builder_version=&#8221;3.11&#8243; header_font=&#8221;Montserrat|500|||||||&#8221; header_line_height=&#8221;1.8em&#8221; body_font=&#8221;Montserrat|300|||||||&#8221; body_font_size=&#8221;17px&#8221; body_line_height=&#8221;1.8em&#8221; border_color_all_image=&#8221;#&#8221; animation_style=&#8221;fade&#8221; image=&#8221;https:\/\/breizhwinners.com\/wp-content\/uploads\/2018\/04\/iconeBW.png&#8221;]<\/p>\n<p>Un stage de &#8220;Sur&#8221;vie en Corse suivi par 5 amput\u00e9s et un proth\u00e9siste avec un guide d&#8217;exception: Frank Bruno !<\/p>\n<p><a href=\"https:\/\/breizhwinners.com\/index.php\/stage-de-survie\/\"><b>Revoir l&#8217;aventure!<\/b><\/a><\/p>\n<p>[\/et_pb_blurb][\/et_pb_column][\/et_pb_row][\/et_pb_section]<\/p>\n","protected":false},"excerpt":{"rendered":"<p>[et_pb_section bb_built=&#8221;1&#8243; admin_label=&#8221;Hero&#8221; _builder_version=&#8221;3.11&#8243; background_color_gradient_start=&#8221;rgba(255,255,255,0.5)&#8221; background_color_gradient_end=&#8221;rgba(0,0,0,0)&#8221; background_color_gradient_overlays_image=&#8221;on&#8221; background_image=&#8221;https:\/\/breizhwinners.com\/wp-content\/uploads\/2018\/04\/Bandeau-Fond.png&#8221; custom_margin=&#8221;|||&#8221; custom_padding=&#8221;180px||0px|&#8221; bottom_divider_style=&#8221;slant&#8221; bottom_divider_color=&#8221;#ffffff&#8221; bottom_divider_flip=&#8221;horizontal&#8221; animation_style=&#8221;slide&#8221; animation_direction=&#8221;top&#8221; animation_intensity_slide=&#8221;5%&#8221; animation_starting_opacity=&#8221;100%&#8221; next_background_color=&#8221;#ffffff&#8221;][et_pb_row custom_padding=&#8221;27px|0px|0px|0px&#8221; _builder_version=&#8221;3.11&#8243; background_size=&#8221;initial&#8221; background_position=&#8221;top_left&#8221; background_repeat=&#8221;repeat&#8221; use_background_color_gradient=&#8221;on&#8221; background_color_gradient_start=&#8221;#f4f4f4&#8243; background_color_gradient_end=&#8221;#ffffff&#8221;][et_pb_column type=&#8221;4_4&#8243;][et_pb_text admin_label=&#8221;Title&#8221; _builder_version=&#8221;3.11&#8243; header_font=&#8221;Montserrat|600|||||||&#8221; header_font_size=&#8221;80px&#8221; header_font_size_phone=&#8221;72px&#8221; header_font_size_last_edited=&#8221;on|desktop&#8221; header_line_height=&#8221;1.2em&#8221; animation_style=&#8221;zoom&#8221; animation_direction=&#8221;left&#8221; animation_intensity_zoom=&#8221;10%&#8221; text_text_color=&#8221;#500bc6&#8243; header_text_color=&#8221;#4300d6&#8243;] Les activit\u00e9s de Breizh Winners [\/et_pb_text][et_pb_text _builder_version=&#8221;3.11&#8243; text_font=&#8221;Montserrat|300|||||||&#8221; text_font_size=&#8221;20px&#8221; text_line_height=&#8221;1.8em&#8221; animation_style=&#8221;zoom&#8221; animation_direction=&#8221;left&#8221; animation_delay=&#8221;100ms&#8221; animation_intensity_zoom=&#8221;10%&#8221; \/][\/et_pb_column][\/et_pb_row][\/et_pb_section][et_pb_section bb_built=&#8221;1&#8243; [&hellip;]<\/p>\n","protected":false},"author":3,"featured_media":0,"parent":0,"menu_order":0,"comment_status":"closed","ping_status":"closed","template":"","meta":[],"_links":{"self":[{"href":"https:\/\/breizhwinners.com\/index.php\/wp-json\/wp\/v2\/pages\/754"}],"collection":[{"href":"https:\/\/breizhwinners.com\/index.php\/wp-json\/wp\/v2\/pages"}],"about":[{"href":"https:\/\/breizhwinners.com\/index.php\/wp-json\/wp\/v2\/types\/page"}],"author":[{"embeddable":true,"href":"https:\/\/breizhwinners.com\/index.php\/wp-json\/wp\/v2\/users\/3"}],"replies":[{"embeddable":true,"href":"https:\/\/breizhwinners.com\/index.php\/wp-json\/wp\/v2\/comments?post=754"}],"version-history":[{"count":40,"href":"https:\/\/breizhwinners.com\/index.php\/wp-json\/wp\/v2\/pages\/754\/revisions"}],"predecessor-version":[{"id":872,"href":"https:\/\/breizhwinners.com\/index.php\/wp-json\/wp\/v2\/pages\/754\/revisions\/872"}],"wp:attachment":[{"href":"https:\/\/breizhwinners.com\/index.php\/wp-json\/wp\/v2\/media?parent=754"}],"curies":[{"name":"wp","href":"https:\/\/api.w.org\/{rel}","templated":true}]}}